k(w) be the third derivative of 3/20*w**5 + 0*w - 7/24*w**4 - 12*w**2 + 0 - 1/2*w**3. Is k(-5) composite?
False
Suppose 5*t + 2*a + 2*a = 10, 3*t - 3*a = 6. Suppose -4*m - 5*j - 29 = 0, t*m + 2*j + j + 13 = 0. Let y(g) = -29*g - 12. Is y(m) a composite number?
False
Is (-8396)/(-12) - -6*6/27 a composite number?
False
Let j be 135/(-10) + (-2)/(-4). Let f = 15 + j. Suppose 3*w - 3*g - 54 = 0, 5*w - f*g - 74 = 19. Is w prime?
True
Suppose 2*j - 1832 = -10. Is j a prime number?
True
Suppose -2*r - 484 = -4*r. Suppose -12 = -4*o, 2*d + 4*o - 30 - 44 = 0. Let n = r - d. Is n prime?
True
Suppose -12 = 7*z - 11*z. Suppose 3*p - 78 = -a + 119, -2*p - 580 = -z*a. Is a composite?
True
Let h(w) = 1 + 2*w - w + 6*w. Let d be h(-3). Is ((-72)/d)/((-2)/(-5)) a prime number?
False
Let d = 25144 + 23853. Is d prime?
False
Is 61821/18 - (-9)/(-6) a prime number?
True
Let z(b) = 3*b**3 + b**2 + 5*b - 6. Let g(q) = -q**3 + q**2 - q + 1. Let y be (4 + (-28)/6)*3. Let x(i) = y*g(i) - z(i). Is x(-5) composite?
True
Let v(u) = u**3 + 96. Let h be v(0). Suppose -3*c + 12 - 55 = -j, 2*j - c = h. Is 1729/j + 2/(-7) composite?
True
Let q be (-11)/(22/(-12)) - -1 - 3. Suppose q*w + 10870 = 14*w. Is w a prime number?
True
Let w = 1 + -1. Let z(h) = -103 + 6*h - 18*h + 114 + h**2 + h**3 + 11*h. Is z(w) a composite number?
False
Suppose -3*q - 1162 = -2*f + 2481, 5*f = 4*q + 9125. Is f a composite number?
True
Suppose 0 = q - 3*x + 8, -2*q - 2*x + 13 = -3. Let p = -24 + 59. Suppose q*d = -d + p. Is d a composite number?
False
Let s(z) = 122*z - 1. Let x(w) = -366*w + 3. Let u(q) = 8*s(q) + 3*x(q). Is u(-12) a composite number?
True
Suppose -2*d = 3*d - 645. Let c = d - 84. Is 9*(-5)/(c/(-303)) prime?
False
Suppose -g - 5*z = -3*g + 17829, 4*z = g - 8907. Is g a composite number?
True
Suppose 3*v - 2*v = 5*h + 2158, 3*v = 4*h + 6507. Suppose -f + v = 5*j, -2*f = 4*j - 7021 + 2699. Is f a composite number?
False
Let r(b) = 78*b + 15. Let c(j) = 5 - 5 + 7 + 3 + 52*j. Let q(o) = -7*c(o) + 5*r(o). Is q(11) prime?
False
Let v = -3095 - -7038. Is v a prime number?
True
Let q(m) = -m + 1. Let f be q(-4). Suppose 2*d = -1 + f. Suppose d*a + 116 = 4*a. Is a prime?
False
Let o = -228037 - -342519. Is o a composite number?
True
Let q = -7 + -5. Let k = 24 + q. Suppose 28 + k = 4*b. Is b a prime number?
False
Let r(m) = 3*m + 18. Let s be r(-13). Let p = 100 + s. Is p prime?
True
Let k be (45/3)/5 - -676. Let l = 2302 - k. Is l a composite number?
True
Let o(n) be the third derivative of 91*n**4/24 + 5*n**3/2 - 2*n**2. Is o(8) prime?
True
Suppose 0 = 2*q + 3*p - 2086, -2106 = 2*q - 4*q + 2*p. Is q a composite number?
False
Suppose -214*t = -222*t + 342568. Is t prime?
True
Let y be ((-91)/14)/(10/(-4) - -2). Suppose -y = -v + 106. Is v prime?
False
Let h(j) = 7*j**2 + 9*j - 2. Let z(d) be the first derivative of -d**4/4 + d**3/3 - d**2/2 - 4. Let g(m) = h(m) + z(m). Is g(6) prime?
False
Suppose 6*o = 73654 + 39632. Is o a prime number?
False
Let v(b) = -b**3 - 3*b**2 - 2*b. Let j be v(0). Suppose -5*l + 2*q + 945 = j, -q = -3*l + 2*q + 576. Is l prime?
False
Let m = -3 + 0. Let l = -3 + m. Is 1/(-3) + (-584)/l a prime number?
True
Let x be (-1 + 2)*4*(-3)/3. Suppose -2*d = c - 49, -3*d - 5*c = -106 + 15. Is 3751/d - (-6)/x prime?
False
Let d(n) = -n**3 + 3*n**2 + 5*n. Let b be d(4). Suppose -z - b + 2 = -2*m, z - m = -1. Let f = 14 + z. Is f a prime number?
False
Suppose -5*d + 3 = 3*z, 5*d + 1 + 1 = 2*z. Suppose f + 10 = -d*f. Is (-5)/f + 133/2 a prime number?
True
Let b(a) = 117*a**2 + 5*a + 9. Suppose -4*p + 3*n + 10 = -7, -3*p + 5*n + 10 = 0. Is b(p) a prime number?
False
Let t(b) = 21*b**3 - b**2 - 7*b + 2. Let u be t(5). Let f = -1680 + u. Is f a prime number?
True
Is 152 + -4 + 1 + 0 a composite number?
False
Suppose -3*c + 2*c = -12. Is ((-15)/c)/((-2)/184) composite?
True
Suppose 0 = 6*g - 335 - 115. Suppose i - 54 = g. Is i a composite number?
True
Suppose -3*h + 71 = 11. Is h/30 - 775/(-3) composite?
True
Suppose -k + t = -23982, 10*k + 2*t + 71943 = 13*k. Is k a prime number?
False
Let b(j) = -j**2 - 10*j + 2. Let u be b(-10). Suppose 8*r = u*r + 1842. Is r a composite number?
False
Let a(i) be the second derivative of i**4/6 + 7*i**3/6 + i**2/2 - i. Let k(m) = -m**3 + 25*m**2 - 48*m + 52. Let w be k(23). Is a(w) a prime number?
False
Let d be (-3)/(-6)*2*-1. Let r be 0 - d - (-5 + 4). Is ((-2 - -333) + 3)/r composite?
False
Let k be (-9)/(-3) + 5/(-5). Suppose 0 = -k*u + 4*u - 318. Is u prime?
False
Let n(v) = 212*v + 3. Let j(y) = -y**2 + 9*y + 4. Let s be j(9). Is n(s) a prime number?
False
Suppose -6*l + 3359 + 16759 = 0. Is l composite?
True
Let b(f) = -5*f - 9. Let p be b(-7). Is (31/2)/(13/p) composite?
False
Suppose 5*k = 30 - 5. Let y be -2 + 1 - (4 - k). Suppose 2*r - 468 - 146 = y. Is r a composite number?
False
Suppose -2*c + 3*c = -4*o + 383, -5*o = 5*c - 1990. Suppose 0 = 3*i - 5*r - c - 4133, i - 1519 = 4*r. Is i a prime number?
False
Suppose -3*q = -6*q + 72. Suppose 4*g = v + 75, -q + 9 = -2*g + 5*v. Let t = g - 6. Is t composite?
True
Suppose -3*n = y - 42, y + 28 = n + n. Is (-35903)/(-49) + 4/n composite?
False
Suppose 0 = 22*k - 112476 - 168926. Is k prime?
True
Let a = -18012 + 27649. Is a prime?
False
Let r(z) = -197*z - 24. Is r(-23) a prime number?
True
Let f = -229 - -362. Is f composite?
True
Is (-870580)/(-70) + 3/21 a prime number?
True
Suppose 5*g + 10 = -3*d, 3*g = -0*g + d - 20. Is (-64)/40 - -2 - 11973/g prime?
False
Is 1*(1502 - -9)*(-1 + 12) a prime number?
False
Let f(r) = 195*r - 1. Suppose 1 = -2*j - 1. Let l be f(j). Let s = -127 - l. Is s a prime number?
False
Suppose -104 = -i - n, -3*i + 170 + 142 = 4*n. Let m(h) = -6*h + 17. Let p be m(2). Let d = p + i. Is d a composite number?
False
Let f = 22 + -19. Suppose 34 = -f*x - 284. Is x/(-4)*(-4 - -6) a composite number?
False
Suppose -3*l + m - 8 = 0, -5*l - 4*m = m - 20. Is (242 + (l - -1))/(-9 + 11) prime?
False
Suppose -4*f = -4*b - 7*f + 1877, 5*f + 2390 = 5*b. Let u = b - -280. Is u composite?
True
Suppose 0 = -2*g - 3*z + 2945, -g = 4*g - 4*z - 7351. Is g prime?
True
Suppose -6317 = 3*c - 0*c + 2*b, 3*b = 6. Let p = -1206 - c. Is p composite?
True
Let o(d) = 70*d**2 + 11*d + 134. Is o(21) prime?
False
Let z(x) = 8*x**3 - 9*x**2 + 11. Let p(u) = -4*u**3 + 5*u**2 - 6. Let i(g) = -11*p(g) - 6*z(g). Let t be i(-1). Suppose t*m = 124 + 122. Is m composite?
True
Let a = 5 + -7. Let x be (-56)/(-10) + a/(-5). Is (-5746)/(-85) + x/(-10) prime?
True
Suppose 0 = 4*n - 3*n + 6. Let c be 12330/55 - n/(-33). Let b = -106 + c. Is b a prime number?
False
Suppose -3*q + 2076 = -2*s, 3*q = -3*s - 3539 + 455. Let y = -469 - s. Is y a prime number?
True
Suppose a - 4*w - 18 = 0, -5*a = 3*w + 4 - 2. Let o(s) = s**3 - 2*s**2 + 3*s - 1. Let n be o(a). Suppose n*r = 5*i + 89 - 524, -5*r + 20 = 0. Is i composite?
True
Suppose 0 = -3*g - 4*q - 0*q - 32, q = -4*g - 21. Is (383 - 1)/(g/(-10) + 0) a prime number?
False
Suppose 52*j = 29*j + 37973. Is j a prime number?
False
Is (-2260096)/(-320) + 1 + (-4)/5 prime?
False
Is 3860 + 10/(-30)*-1*9 a prime number?
True
Let f = 35687 + -11142. Is f a prime number?
False
Let q(r) = r**2 + 9*r + 3. Let h be q(-9). Suppose s = 2*a - 41, 3*a = -h*s + 100 - 16. Is a composite?
False
Let o = 2462 + 3119. Is o a composite number?
False
Is 902/1 - (10 - 7 - 0) a prime number?
False
Suppose 0*t - 3*a = 3*t, 4*a + 20 = 0. Suppose -d = -j + 3*j - 318, -304 = -d + t*j. Is d composite?
True
Let a(k) = 2*k**2 + 3*k - 4. Let u be a(2). Suppose -20 = -0*f - 4*f. Suppose 0 = 2*t - u, i + t - 69 = f*t. Is i prime?
True
Let a be -7*((-10)/(-7) + -2). Let l(c) = 61*c + 6. Let u be l(a). Let w = u + 459. Is w a prime number?
True
Let v = -48 + 104. Suppose 6*t - 10*t - 3*u - 85 = 0, 42 = -3*t + 5*u. Is (-2)/(-3 - v/t) a prime number?
False
Let b be (3 - 1) + (-2 - -7). Let z = 5 - b. Is (-149)/(2/(-4 - z)) a composite number?
False
Let p = -15 - -22. Suppose 4 - p = g. Is ((-2)/g)/((-2)/(-489)) composite?
False
Let q(f) = 3*f**2 + 2*f**2 - 2*f - 2 - 3*f**2. Suppose 2 - 14 = -4*b. Is q(b) a prime number?
False
Let o be 2/(-1) - (-2 + -158). Suppose 2*s + o = 4*s. Is s composite?
False
Let l be ((-2600)/(-15) - -6)/((-1)/(-48)). Suppose -4*w - m + l = 0, -5*m - 2173 = -w - 0*m. Is